 8, what is 13713 - 0?
13713
In base 11, what is 36237 - 9?
36229
In base 10, what is 85 + 1900?
1985
In base 13, what is -a3 - 1c38?
-200b
In base 5, what is 32404423 + -24?
32404344
In base 8, what is 7 - 14570?
-14561
In base 15, what is -7 - -4aba1?
4ab99
In base 10, what is 0 + -67818?
-67818
In base 15, what is -10d9 + 4a?
-108e
In base 6, what is 1152110 + -4?
1152102
In base 10, what is -15 + 683?
668
In base 2, what is -11 - 1000010111111110?
-1000011000000001
In base 4, what is 2002100 - 3?
2002031
In base 15, what is 13a2e + -4?
13a2a
In base 11, what is -15944 + -4?
-15948
In base 8, what is -2 - 1214654?
-1214656
In base 15, what is -15 + 3065d?
30648
In base 10, what is 5 + 8030?
8035
In base 15, what is -19b234 + 1?
-19b233
In base 10, what is -159 - 288?
-447
In base 16, what is 4 + -5d589?
-5d585
In base 16, what is -1 - 7f9?
-7fa
In base 14, what is -46 - 1c91?
-1cd7
In base 4, what is 10 + 213120132?
213120202
In base 4, what is -12321102 + 1201?
-12313301
In base 4, what is -100 + 100032?
33332
In base 13, what is -7bb121 - -1?
-7bb120
In base 11, what is 706 + 75?
780
In base 14, what is -19071 - -13?
-1905c
In base 15, what is 245e65 - 3?
245e62
In base 4, what is 1201 + -1001102?
-333301
In base 12, what is 9 - 244b3?
-244a6
In base 11, what is -3 + 46811?
46809
In base 10, what is 4 + -274832?
-274828
In base 4, what is 103032 + -3122?
33310
In base 15, what is -28 + -376?
-39e
In base 3, what is -11012001 - -2?
-11011222
In base 10, what is 10 - -73?
83
In base 9, what is 117 - 200?
-72
In base 2, what is -101 + -10011000100010110110?
-10011000100010111011
In base 6, what is -1 - -104333?
104332
In base 13, what is 6 + -2c2a?
-2c24
In base 9, what is 1003 + 104?
1107
In base 15, what is -426d49 + 1?
-426d48
In base 9, what is -264 - 144?
-418
In base 4, what is 201020 + 2223?
203303
In base 15, what is -5e - d5?
-144
In base 8, what is -6 - 412705?
-412713
In base 13, what is 3b52 - 4c?
3b03
In base 11, what is 15937 - 27?
15910
In base 4, what is -3 - 21210?
-21213
In base 11, what is -5 + 41118?
41113
In base 16, what is -89 + 2e9?
260
In base 13, what is 168 - c?
159
In base 13, what is 0 + 116cc?
116cc
In base 4, what is 111 + 3220?
3331
In base 2, what is -10010 - 100001011000100111?
-100001011000111001
In base 11, what is 17699 + 5?
176a3
In base 12, what is 8942aa - -3?
8942b1
In base 4, what is 3332 - 2320?
1012
In base 6, what is -3 - -131431?
131424
In base 14, what is -2 - -3d6?
3d4
In base 6, what is -212501 - 25?
-212530
In base 10, what is -1 + -17410?
-17411
In base 4, what is 22 - -10013123?
10013211
In base 7, what is -2 + -150316?
-150321
In base 6, what is 225 - 20112?
-15443
In base 8, what is -2332 + -3006?
-5340
In base 8, what is -2 + -110027?
-110031
In base 15, what is 1a0d0 + 4?
1a0d4
In base 14, what is -1a98b - 1?
-1a98c
In base 6, what is 132 - -110?
242
In base 11, what is -4 - -a3338?
a3334
In base 3, what is -101122010202110 - 10?
-101122010202120
In base 14, what is 9 + 2648?
2653
In base 12, what is -3bb0 + -52?
-4042
In base 8, what is 2337 - -12?
2351
In base 15, what is -188 - -2d?
-15a
In base 6, what is -4551232 + 0?
-4551232
In base 2, what is -111101010001101 + 1000?
-111101010000101
In base 7, what is -45202211 + -4?
-45202215
In base 10, what is 10594 - 6?
10588
In base 8, what is -35232 + 3?
-35227
In base 9, what is 1067 - 146?
821
In base 7, what is -56555 + 412?
-56143
In base 4, what is 2332 + 11200?
20132
In base 2, what is -100010111100100 + -10101111?
-100011010010011
In base 4, what is -1010302 - 220?
-1011122
In base 16, what is -6c9e2 - 1?
-6c9e3
In base 9, what is -176 + -468?
-655
In base 5, what is 32 + -13033?
-13001
In base 7, what is -116 - 50606?
-51025
In base 13, what is 3600 + 17?
3617
In base 3, what is 20002 - -2212?
22221
In base 12, what is 2 + -2a4aa?
-2a4a8
In base 12, what is -2 + 243b4?
243b2
In base 14, what is c + -cb6a?
-cb5c
In base 16, what is 11 + 928d?
929e
In base 13, what is -1431 + 9?
-1425
In base 4, what is -312003320 + 11?
-312003303
In base 14, what is 2b + -2453?
-2426
In base 13, what is -b9 - -a6?
-13
In base 11, what is 3 - 62040?
-62038
In base 9, what is -111022 - 1?
-111023
In base 10, what is -4048703 + -1?
-4048704
In base 2, what is 0 - 1010001000010000?
-1010001000010000
In base 2, what is -11101001010100 + -101010?
-11101001111110
In base 6, what is 4553355 + 4?
4553403
In base 9, what is 46577 + 145?
46733
In base 2, what is -111 - -100011100?
100010101
In base 13, what is 109 + 607?
713
In base 8, what is -2564 + 120?
-2444
In base 3, what is 1120211211 + 101?
1120212012
In base 7, what is -2041 - -102?
-1636
In base 5, what is -4 + -11132303?
-11132312
In base 8, what is -3 + 21747?
21744
In base 6, what is 533440 - -5?
533445
In base 13, what is 610 + -13c8?
-ab8
In base 7, what is -4324124 + -1?
-4324125
In base 13, what is 20c8 - -23?
211b
In base 13, what is 54 - -69c7?
6a4b
In base 15, what is 5 - -43a7a?
43a80
In base 4, what is -232330110 + -2?
-232330112
In base 15, what is -dd7 - 2?
-dd9
In base 13, what is -11c + -168?
-287
In base 11, what is -624065 - 3?
-624068
In base 10, what is 9 + -1192?
-1183
In base 8, what is 13 + 10070?
10103
In base 13, what is 521a - 8?
5212
In base 15, what is -123a + -21?
-125b
In base 5, what is -1004 + -420?
-1424
In base 3, what is 11210010100 + -11?
11210010012
In base 10, what is 332 - -77?
409
In base 3, what is -111101 - 212120?
-1100221
In base 9, what is -3046737 + 0?
-3046737
In base 15, what is -5a7 + 96?
-511
In base 2, what is 1001110111011 - -10010?
1001111001101
In base 10, what is 2 - -559179?
559181
In base 2, what is 101101101011001010 - -111?
101101101011010001
In base 7, what is 100 + -10355?
-10255
In base 7, what is 245 - 202?
43
In base 12, what is -1a5 - 2b8?
-4a1
In base 15, what is 1 - c965a?
-c9659
In base 16, what is -3c - 3aee?
-3b2a
In base 13, what is 0 - 11367?
-11367
In base 3, what is 211212 + -1?
211211
In base 6, what is -5144 - -242?
-4502
In base 15, what is 0 + 2e6d5?
2e6d5
In base 2, what is 10010011 + -10101010110?
-10011000011
In base 16, what is 5 + 301c6?
301cb
In base 15, what is -682 - 4?
-686
In base 10, what is 3 + -8462?
-8459
In base 13, what is 849a9 - -7?
849b3
In base 11, what is -3 + 43054?
43051
In base 6, what is -2 - -22555025?
22555023
In base 5, what is 10300302 - -1?
10300303
In base 5, what is 1313341 + -30?
1313311
In base 13, what is 5 - b5a6?
-b5a1
In base 12, what is 22 - -100a5?
10107
In base 3, what is -2 - -200200111?
200200102
In base 5, what is 1032 - 301122?
-300040
In base 11, what is -398 + 6a?
-329
In base 11, what is -609 - 97?
-6a5
In base 8, what is 0 + -33201?
-33201
In base 16, what is -d180 + -4?
-d184
In base 5, what is -140344 + 12?
-140332
In base 12, what is -3a + -269?
-2a7
In base 6, what is 1 - 1550552?
-1550551
In base 12, what is 2897 + -1?
2896
In base 7, what is -146 - -33363?
33214
In base 12, what is 2a29 - -22?
2a4b
In base 11, what is 236 + 13143?
13379
In base 6, what is 0 + -11534241?
-11534241
In base 5, what is 3304424 + 10?
3304434
In base 11, what is 4 - -2189?
2192
In base 10, what is -389 - -25?
-364
In base 3, what is 120101121201 - -22?
120101122000
In base 13, what is -3ab706 + 2?
-3ab704
In base 9, what is -164 - -555?
381
In base 15, what is 2d + -3c8e?
-3c61
In base 10, what is 73302 + -5?
73297
In base 12, what is a6550 - -3?
a6553
In base 2, what is -10110111 + -101111?
-11100110
In base 7, what is -101544 + 35?
-101506
In base 9, what is 3064 - 511?
2453
In base 10, what is -1943 - 95?
-2038
In base 5, what is -20041 - -104?
-14432
In base 7, what is 1 + -110205?
-110204
In base 9, what is 477413 - 5?
477407
In base 6, what is 2 + -10141113?
-10141111
In base 3, what is 11220010 - -2002?
11222012
In base 3, what is 100220 + -10110120?
-10002200
In base 8, what is -163 + 257?
74
In base 3, what is -2100200 + 211?
-2022212
In base 7, what is -3 + -66025?
-66031
In base 4, what is -11 - -320121?
320110
In base 13, what is -1 + 21b23?
21b22
In base 16, what is 258 - ad4?
-87c
In base 6, what is -3545 + 204?
-3341
In base 11, what is 686a - -3?
6872
In base 10, what is -2 - -62858?
62856
In base 2, what is -1111110110100001 - 0?
-1111110110100001
In base 10, what is 11